f 1356071?
True
Is 264 a factor of 285648?
True
Does 359 divide 96212?
True
Is 675 a factor of 3759019?
False
Is 63 a factor of 315945?
True
Is 3 a factor of 780997?
False
Is 12 a factor of 98640?
True
Is 186793 a multiple of 112?
False
Is 290108 a multiple of 215?
False
Is 146 a factor of 6079839?
False
Does 343 divide 118678?
True
Does 110 divide 151690?
True
Is 6328275 a multiple of 25?
True
Is 122086 a multiple of 4?
False
Is 624812 a multiple of 823?
False
Is 41 a factor of 8230299?
True
Is 977 a factor of 5737921?
True
Is 14 a factor of 354746?
True
Is 46430 a multiple of 366?
False
Is 4 a factor of 251068?
True
Does 8 divide 1122455?
False
Does 35 divide 45815?
True
Does 344 divide 1590312?
True
Does 15 divide 1011105?
True
Does 24 divide 791693?
False
Is 1123265 a multiple of 143?
True
Is 2974180 a multiple of 128?
False
Does 7 divide 134855?
True
Is 61540 a multiple of 10?
True
Does 7 divide 5763139?
False
Is 550 a factor of 2329733?
False
Is 157472 a multiple of 259?
True
Does 18 divide 518220?
True
Is 4542129 a multiple of 121?
False
Is 32 a factor of 3026912?
True
Does 37 divide 7986820?
True
Is 58 a factor of 409602?
False
Does 24 divide 12735840?
True
Is 60 a factor of 116503?
False
Does 75 divide 343275?
True
Is 113 a factor of 321937?
True
Does 13 divide 204386?
True
Is 79 a factor of 1212887?
True
Is 171 a factor of 1887816?
False
Does 13 divide 2018871?
False
Is 23 a factor of 41009?
True
Is 283440 a multiple of 40?
True
Is 237 a factor of 1712325?
True
Is 2061064 a multiple of 527?
False
Is 412200 a multiple of 9?
True
Does 23 divide 23903624?
True
Is 4545 a multiple of 5?
True
Is 1204442 a multiple of 110?
False
Does 35 divide 8533875?
True
Is 5 a factor of 14380?
True
Is 74 a factor of 1238779?
False
Does 375 divide 674468?
False
Is 11048375 a multiple of 13?
True
Does 648 divide 1559736?
True
Is 422171 a multiple of 321?
False
Is 31 a factor of 751936?
True
Is 2156348 a multiple of 26?
False
Is 362361 a multiple of 63?
False
Is 4402175 a multiple of 66?
False
Is 15 a factor of 136875?
True
Is 702843 a multiple of 426?
False
Is 74122 even?
True
Is 101 a factor of 16946487?
True
Does 12 divide 412910?
False
Is 720498 a multiple of 138?
True
Is 801760 a multiple of 41?
False
Is 17 a factor of 3019743?
False
Is 460 a factor of 4972600?
True
Is 245594 a multiple of 46?
True
Is 3229319 a multiple of 502?
False
Is 6327930 a multiple of 78?
False
Is 176 a factor of 2680832?
True
Is 2214215 a multiple of 41?
False
Is 20357 a multiple of 114?
False
Is 388 a factor of 2244192?
True
Is 812996 a multiple of 131?
False
Does 66 divide 4969668?
True
Is 381 a factor of 820612?
False
Is 46441 a multiple of 17?
False
Is 15 a factor of 303945?
True
Is 299112 a multiple of 103?
True
Is 33290 a multiple of 683?
False
Is 1672660 a multiple of 55?
True
Is 346698 a multiple of 3?
True
Does 855 divide 1285533?
False
Is 13 a factor of 530547?
False
Is 43 a factor of 13447026?
False
Is 600824 a multiple of 20?
False
Does 118 divide 1025821?
False
Is 24 a factor of 47149?
False
Does 228 divide 34849?
False
Is 100550 a multiple of 50?
True
Does 14 divide 514738?
True
Is 324 a factor of 371952?
True
Does 47 divide 20459?
False
Is 133 a factor of 463052?
False
Does 230 divide 4215390?
False
Does 13 divide 1431339?
True
Does 55 divide 5343470?
True
Is 415338 a multiple of 9?
False
Is 4186031 a multiple of 82?
False
Is 42613 a multiple of 206?
False
Is 104 a factor of 163826?
False
Is 6 a factor of 209647?
False
Does 59 divide 9197?
False
Is 644002 a multiple of 223?
False
Is 30 a factor of 235470?
True
Is 2 a factor of 47469?
False
Is 130809 a multiple of 7?
True
Is 256 a factor of 65017?
False
Is 7394904 a multiple of 22?
True
Is 536 a factor of 5421640?
True
Is 59 a factor of 24433611?
True
Is 16 a factor of 706325?
False
Is 52 a factor of 60853?
False
Is 263293 a multiple of 279?
False
Is 145554 a multiple of 102?
True
Is 54375 a multiple of 75?
True
Is 7 a factor of 426449?
False
Is 217 a factor of 806155?
True
Does 18 divide 4664591?
False
Is 1403512 a multiple of 902?
True
Is 4147214 a multiple of 67?
False
Is 10593252 a multiple of 246?
True
Is 61230 a multiple of 39?
True
Is 15 a factor of 19305?
True
Is 237765 a multiple of 33?
True
Is 21 a factor of 714420?
True
Is 6721272 a multiple of 1566?
True
Is 62136 a multiple of 24?
True
Is 3581848 a multiple of 12?
False
Does 14 divide 275926?
True
Is 1025174 a multiple of 196?
False
Is 35319404 a multiple of 68?
True
Is 62 a factor of 69307?
False
Does 513 divide 1348677?
True
Is 930120 a multiple of 115?
True
Does 14 divide 4471718?
False
Is 4 a factor of 12356?
True
Does 9 divide 43920?
True
Is 8822345 a multiple of 1646?
False
Is 3 a factor of 39333?
True
Does 82 divide 60352?
True
Does 146 divide 47596?
True
Is 50 a factor of 75850?
True
Is 543422 a multiple of 187?
True
Is 16 a factor of 6392978?
False
Does 56 divide 226688?
True
Does 19 divide 714126?
False
Is 3803700 a multiple of 465?
True
Is 5635193 a multiple of 29?
True
Is 143 a factor of 1564420?
True
Is 130 a factor of 358540?
True
Does 13 divide 183431?
False
Does 29 divide 141280?
False
Is 2 a factor of 17063?
False
Is 22 a factor of 56548?
False
Is 11 a factor of 1613994?
False
Is 24 a factor of 55944?
True
Is 480 a factor of 1805760?
True
Is 199 a factor of 270100?
False
Does 32 divide 10323462?
False
Is 366 a factor of 2641690?
False
Does 55 divide 3192076?
False
Does 39 divide 5332080?
True
Is 3 a factor of 207018?
True
Does 39 divide 899751?
False
Is 352 a factor of 2465468?
False
Is 932 a factor of 3170664?
True
Is 42 a factor of 9328326?
True
Is 108021 a multiple of 17?
False
Is 20 a factor of 1180918?
False
Does 17 divide 221391?
True
Is 55970 a multiple of 193?
True
Is 52 a factor of 356515?
False
Is 4 a factor of 2373344?
True
Is 1904460 a multiple of 60?
True
Does 316 divide 139356?
True
Is 282 a factor of 3878064?
True
Is 140 a factor of 630000?
True
Is 4995960 a multiple of 1240?
True
Is 12 a factor of 18108?
True
Does 501 divide 22396688?
False
Is 345 a factor of 345193?
False
Is 4698800 a multiple of 70?
False
Is 964464 a multiple of 566?
True
Is 617 a factor of 9700474?
True
Is 4 a factor of 1559379?
False
Is 441 a factor of 9266099?
False
Is 306384 a multiple of 208?
True
Does 45 divide 75285?
True
Is 203 a factor of 98356?
False
Is 16840 a multiple of 20?
True
Is 3872830 a multiple of 130?
True
Is 1607214 a multiple of 474?
False
Is 16 a factor of 277707?
False
Is 730 a factor of 153878?
False
Does 45 divide 341955?
True
Is 83 a factor of 277054?
True
Is 40976 a multiple of 53?
False
Does 16 divide 14325143?
False
Does 4 divide 12566?
False
Is 101 a factor of 158873?
True
Is 499650 a multiple of 75?
True
Is 9 a factor of 262233?
True
Is 405954 a multiple of 18?
True
Does 1168 divide 225424?
True
Is 185960 a multiple of 223?
False
Is 13 a factor of 99227?
False
Does 37 divide 118400?
True
Does 95 divide 286336?
False
Is 16586 a multiple of 5?
False
Is 55 a factor of 44715?
True
Is 64 a factor of 5138300?
False
Is 143234 a multiple of 91?
True
Is 162 a factor of 3621186?
True
Is 12760 a multiple of 10?
True
Is 206516 a multiple of 12?
False
Does 8 divide 320?
True
Does 651 divide 1555818?
False
Is 460 a factor of 1468780?
True
Is 149406 a multiple of 74?
True
Is 29 a factor of 105643?
False
Is 46 a factor of 245325?
False
Is 38 a factor of 30510499?
False
Is 74 a factor of 3357349?
False
Does 94 divide 1291188?
False
Is 2265 a multiple of 151?
True
Is 90 a factor of 24330?
False
Is 846924 a multiple of 178?
True
Is 533501 a multiple of 191?
False
Is 55400 a multiple of 200?
True
Is 1044783 a multiple of 29?
True
Is 15930 a multiple of 10?
True
Does 36 divide 3630168?
True
Does 285 divide 1029686?
False
Does 832 divide 1554109?
False
Is 511485 a multiple of 305?
True
Is 234495 a multiple of 81?
True
Is 2324040 a multiple of 195?
False
Is 39 a factor of 2380716?
True
Is 18037 a multiple of 4?
False
Is 13 a factor of 23987?
False
Is 1226 a factor of 4358430?
True
Does 462 divide 8551367?
False
Does 3 divide 320676?
True
Does 68 divide 86904?
True
Is 27 a factor of 682371?
True
Is 448 a factor of 19899712?
True
Does 23 divide 1815045?
True
Is 139 a factor of 62133?
True
Is 4 a factor of 222372?
True
Is 3891760 a multipl